*h - 8 = -z. Calculate the greatest common factor of 5 and h.
1
Let m = -6 - -12. Suppose -m*a + 31 - 7 = 0. Let l(h) = h**3 - h**2 - h + 20. Let q be l(0). What is the highest common factor of a and q?
4
Suppose m = -4*r + r - 10, 2*r + 4 = -2*m. Suppose 0 = 2*h + 4*z - 3 - 39, m*h - 36 = -z. What is the greatest common divisor of h and 136?
17
Let z = 163 - 113. Let p(i) = 16*i - 744. Let u be p(49). What is the highest common factor of u and z?
10
Let p(n) = 10*n**3 - 19*n**3 + 8*n**3 - 2*n**2 + 6*n + 2. Let v be p(-6). Calculate the greatest common divisor of 10 and v.
10
Suppose -a + 2*a = 16. Let z(g) = 5*g**2 + 5*g + 4. Let k be 0 - (6/(-9))/(2/(-12)). Let m be z(k). Calculate the highest common factor of a and m.
16
Let f = -826 + 1041. Calculate the greatest common factor of f and 25.
5
Let g = -240 - -344. Let p(u) = -2*u**3 - 2*u**2 - 2*u + 1. Let f be p(-2). What is the highest common factor of g and f?
13
Let k(z) = z**3 + 13*z**2 + 13*z + 6. Suppose 42 = -4*h - 6. Let o be k(h). Let w be (-90)/75*40/o. Calculate the highest common factor of 72 and w.
8
Suppose -34*t + 978 = -2804 - 8560. Let k = -12 - -45. Calculate the highest common factor of k and t.
33
Let y = 75 - 55. Let i(j) = -9*j**2 + j + 2. Let f be i(2). Let k be (-3)/9 + f/(-6). Calculate the greatest common divisor of y and k.
5
Let y = -35 + 31. Let r be (y/(-3))/((-1)/(-9)). Calculate the greatest common divisor of r and 8.
4
Suppose 15 = 3*m, -27 = 4*w - 3*m - 0*m. Let p(h) = 4*h**2 + 6*h + 3. Let j be p(w). What is the greatest common divisor of j and 189?
21
Let z(b) = 2*b + 3. Let x be z(-12). Let a = -17 - x. Suppose -a*v - v = -630. What is the highest common divisor of v and 14?
14
Suppose -z + 6*z = -s - 6, -4*s + z + 18 = 0. What is the greatest common divisor of 118 and s?
2
Suppose l - x = 109, -4*x + 3 = -1. Suppose 5*u = 2*a + 58, 4*u + 27*a = 22*a + 20. Calculate the greatest common factor of l and u.
10
Let b(z) = -z**2 - 9*z + 4. Let d be b(-9). Suppose -2*q + 3*y + 51 = 4*y, 107 = d*q + y. Calculate the greatest common divisor of 84 and q.
28
Let j = -28 + 52. Suppose -j = -a - 7*a. Suppose -406 = -a*p - 4*n, 0*p = -p - 5*n + 150. Calculate the greatest common divisor of 52 and p.
26
Let c be 2 + (23 - 1) + 4. Suppose 2*w - c = 8. What is the greatest common divisor of 72 and w?
18
Let g(j) = -2*j. Let x(y) = 3*y + 1. Let o(h) = 6*g(h) + 5*x(h). Let b be o(4). Let k = b - -19. What is the highest common divisor of 9 and k?
9
Let u(l) = -l**3 - 11*l**2 - 16*l + 5. Let p be u(-9). Let f = 52 + p. Calculate the greatest common divisor of f and 13.
13
Let k(h) = -24 + 15*h**2 + 84*h - 73*h + h**3 - 3. Let f be k(-14). Calculate the greatest common factor of f and 3.
3
Suppose r + 4*n = -4*r - 41, 3*r + 19 = -n. Let y be r + 2 + 6 + 22. What is the highest common divisor of y and 20?
5
Let g = 795 - 794. Calculate the highest common divisor of 125 and g.
1
Let i = -263 - -282. Let p(c) = -6*c**3 + 3*c**2 + 1. Let o be p(-3). Suppose -3*n + o = -n. What is the greatest common factor of i and n?
19
Let q(y) = -y**3 - y + 1210. Let p be q(0). Calculate the greatest common factor of 55 and p.
55
Let i(a) = -a**2 - 21*a. Let u be i(-14). Let q = -2 - -1. Let p be (-33 + 5)/(q + -1). Calculate the greatest common factor of p and u.
14
Suppose -1019 = -6*p - 203. Calculate the highest common factor of 16 and p.
8
Let n(c) = 9 + 2 + c - c - 6*c. Let j be n(-3). What is the greatest common divisor of 203 and j?
29
Let u = -73 + 185. Let t be u/20 + (-10)/(-25). Calculate the highest common divisor of t and 54.
6
Let i be -2*(12/10)/(8/(-170)). What is the greatest common factor of 561 and i?
51
Let h = -2044 - -2064. Suppose 0 = 5*z - l - 401, 2*z + 2*z - 2*l = 322. What is the highest common factor of h and z?
20
Let n = -21 + 24. Suppose h - 43 = -m, -5*h - n*m + 212 = m. Let x = 3 - -13. Calculate the highest common divisor of x and h.
8
Suppose 6*h - 94 = 14. What is the greatest common factor of 279 and h?
9
Let x be 0/1 - (2 - -2). Let q = x - -9. Suppose 0 = -8*n + q*n + 33. What is the greatest common factor of n and 99?
11
Let s(h) = -h**2 + 2*h + 16. Suppose 19*f = 21*f. Let p be s(f). What is the highest common factor of 80 and p?
16
Let y = 36 + -4. Suppose -88 = -2*v + y. Let s = 276 - 264. What is the highest common factor of s and v?
12
Let o = 3 - -56. Let d = -23 + o. Suppose -2*u + 0*u + 105 = 11*j, -36 = -3*j - 3*u. Calculate the greatest common factor of d and j.
9
Suppose 24 = 3*n - 4*x, 3*n - 27 = 2*x + 3. Let c be 2 + (2 - (2 + -1)). Calculate the greatest common divisor of c and n.
3
Suppose -17*h + 95 = -126. Let g = 19 + -12. Let i(a) = 2*a - 1. Let r be i(g). Calculate the highest common factor of h and r.
13
Suppose -163*s + 1160 = -161*s. What is the greatest common factor of s and 20?
20
Suppose 16 = -3*c + 4*c. Let w be (c/(-20))/2 - (-27)/5. Calculate the greatest common factor of w and 5.
5
Let g = -392 - -407. What is the greatest common divisor of 135 and g?
15
Let c = -324 + 676. Calculate the greatest common divisor of c and 32.
32
Let g(l) = -l**2 + 5*l + 21. Let a be g(9). Let m be (a/(-10))/((-3)/84*-2). Calculate the highest common factor of m and 21.
21
Let y be 2/(-1) + 84/6. Calculate the highest common divisor of 276 and y.
12
Suppose 0 = -972*c + 983*c - 1661. What is the greatest common divisor of 3 and c?
1
Suppose 4*w + 2550 - 7958 = 0. Suppose -5*x = -4*j - w, -118 + 792 = -2*j + 3*x. Let t = -243 - j. Calculate the greatest common factor of t and 40.
20
Suppose -d + 6 = -2. Let h = d - -5. Suppose 7*v - 658 = -21. Calculate the highest common divisor of v and h.
13
Let f be (9/(135/10))/(12/234). What is the greatest common divisor of 247 and f?
13
Let z be 16/12*(-1 - -109). Suppose -3*r + 0 - 6 = -2*b, -1 = -5*b + 4*r. Let v be 3 - 1*b*5. What is the highest common factor of v and z?
18
Let m(i) = -i**3 + 12*i**2 + 14*i + 18. Let l = 123 - 110. Let j be m(l). What is the highest common factor of 124 and j?
31
Let t be 2388/20 + 9/15. What is the greatest common divisor of t and 45?
15
Suppose 0 = 5*y + 2*y - 28. What is the greatest common factor of y and 32?
4
Suppose -i = -20 - 1. Suppose -250 = 3*p - 4*p. Suppose 5*c - p = 485. What is the greatest common divisor of c and i?
21
Let j(z) = 2*z**3 - 6*z**2 + 111*z - 535. Let y be j(5). Calculate the greatest common factor of 540 and y.
60
Let q be ((-20)/(-2))/(6/69). Suppose -17*c = -1560 + 1169. What is the highest common factor of q and c?
23
Suppose 616 - 1687 = 51*s. Let l(b) = b**2 + 1 + 8 + 20*b + 6. Let d be l(s). What is the greatest common factor of d and 18?
18
Suppose 49*l - 50*l = 0. Suppose -2*y - 4*b - 86 = -4*y, l = 2*y - 5*b - 87. What is the greatest common factor of y and 205?
41
Let l(z) = 9*z - 257. Let a be l(30). What is the greatest common divisor of 3 and a?
1
Let i(u) be the third derivative of -u**5/60 + 3*u**4/8 - u**3/3 + 12*u**2. Let t be i(6). Calculate the greatest common factor of 40 and t.
8
Let b(r) = 4*r + 5. Let g be b(-5). Let v = -8 - g. Let f be v/(21/(-6)) + 27. What is the greatest common divisor of 125 and f?
25
Let q(p) be the third derivative of p**4/8 + p**3/3 + 3*p**2. Let l be 2*(1*-2 + 3). Let u be q(l). What is the highest common factor of 16 and u?
8
Suppose -4*l - l = -35. Let y = 17 + -2. Let i = y - l. What is the greatest common divisor of 2 and i?
2
Suppose -3*z + 27 = -5*v + v, 3*z - 27 = -4*v. Suppose h + 404 = 2*h. Suppose 4*j = -2*a - 2*a + h, 4*j - 8 = 0. What is the greatest common divisor of a and z?
9
Suppose -13 + 277 = 44*i. Suppose -4*q = 4*x - 248, 0*x + 214 = 3*q - 4*x. What is the highest common factor of q and i?
6
Suppose -2*m + 6*m + 100 = 0. Let n = 31 + m. What is the greatest common divisor of n and 42?
6
Let h be -3 + 1 + 4 + 2. Suppose -h*j + 52 - 157 = -3*a, 105 = 3*a + 5*j. Suppose -2*k + 4*k = 10. What is the highest common divisor of k and a?
5
Suppose d - 72 = -a, 0 = d + d. Calculate the greatest common divisor of a and 24.
24
Suppose 4 = v - 0. Let s be 346/8 - v/16. Suppose o + 2*z = 29, -3*o + 128 = 4*z + s. Calculate the greatest common divisor of o and 18.
9
Suppose 0 = j + 207 + 222. Let x be (2/6)/((-1)/807). Let v = x - j. What is the highest common divisor of 16 